-1. Suppose -3*g - 136 = -5*r, -u = -r - 0*r - p*g. Calculate the remainder when r is divided by 16.
13
Suppose 0 = -w + 1 + 6. Calculate the remainder when 19 is divided by (9/(-3) - -3) + w.
5
Let a(w) = 3*w**3 - 3*w**2 + 4*w - 4. Calculate the remainder when 29 is divided by a(2).
13
Let o = 93 + -72. Suppose 1 = g, -2*a + 5*g = 73 - 192. Calculate the remainder when a is divided by o.
20
Let g = 10 + -1. Let f(d) = d**2 - 8*d + 2. Calculate the remainder when 32 is divided by f(g).
10
Let u = -2 - 14. Let k = -10 - u. Calculate the remainder when k is divided by 2.
0
What is the remainder when 12 is divided by 16/12 - 60/(-9)?
4
Calculate the remainder when 58 is divided by 2*2/(-10) + (-1054)/(-85).
10
Suppose 5*c = -0*c - 2*h + 145, 0 = 2*h. What is the remainder when 115 is divided by c?
28
Suppose 5*i - 25 = 45. Let k(d) = -d**2 + 5*d. Let g be k(3). What is the remainder when (-164)/g*12/(-8) is divided by i?
13
Let u(r) = -r**3 + 4*r**2 + 5*r + 4. Let c be u(5). Suppose -4*z + 52 = c*i - 0*i, 3*i + 33 = z. Calculate the remainder when z is divided by 10.
8
Let m(y) = y - 4. Let k(c) = c**3 + 3*c**2 - 6*c - 3. Let i(z) = 2*z**3 + 3*z**2 - z - 2. Let n be i(-2). Calculate the remainder when k(n) is divided by m(6).
1
Suppose -5*z + 62 = -28. Suppose -2*g + 4 = -l + 15, -2*l = -3*g - z. What is the remainder when 6 is divided by l?
0
What is the remainder when 12 is divided by -2 - -2 - (-4 - 1)?
2
Let m be (-48)/(-18) + 2/6. Suppose -m*j = -2*j - 26. Calculate the remainder when j is divided by 9.
8
Suppose -45 = -3*x + 21. Let r = -19 + 24. Suppose -4*q + 2*l + 170 = 0, -47 = -q + l - r. What is the remainder when q is divided by x?
21
Suppose 5*d = -2*i + 15, -2*i + 14 = -2*d + 6. Let m = -181 - -275. Suppose 0 = 5*p - m - d. Calculate the remainder when p is divided by 11.
8
Let b(k) = -k + 26. Calculate the remainder when 97 is divided by b(-8).
29
Let a = 33 - 9. Suppose v - 2*l - 51 = l, 5*v - 227 = l. What is the remainder when v is divided by a?
21
Suppose -5*n = -49 - 11. Let p = 23 - n. What is the remainder when 31 is divided by p?
9
Let a(u) = -u**3 - 10*u**2 - 10*u + 6. Let x be 9/18*(-18)/1. What is the remainder when 58 is divided by a(x)?
13
Let u(c) be the third derivative of -c**2 + 0*c - 1/6*c**4 + 1/60*c**5 + 0 + 0*c**3. What is the remainder when u(5) is divided by 2?
1
Suppose 5*p + 0*p - 40 = 0. Calculate the remainder when (-33)/((2 - 3)/2 - 1) is divided by p.
6
Suppose -z + 21 = -2. What is the remainder when 137 is divided by z?
22
Suppose -15 = -5*b + 5, 4*b - 12 = m. Suppose 3*q + 4*a - 21 = 0, a = -3*q + 3*a + 3. Calculate the remainder when 2/(-4)*(-66)/q is divided by m.
3
Suppose -2*q + 6*q = 24. What is the remainder when 8 is divided by (-4)/q*-3 - -1?
2
Let s = 76 + -51. What is the remainder when s is divided by ((-14)/(-3))/(8/12)?
4
Let n(t) = 2*t**3 - 2*t**2 + 2*t - 1. Suppose 0 = d - 5*s + 3, -2*d = 3*d - 5*s - 5. Let o = 76 - 33. Calculate the remainder when o is divided by n(d).
10
Suppose -2*m + 370 = 8*m. What is the remainder when m is divided by 25?
12
Let n(z) be the first derivative of 1/3*z**3 + 19*z + 1/2*z**2 + 2. What is the remainder when 55 is divided by n(0)?
17
Let i(c) = -c**2 - 14*c - 4. Let x be 5*1*(-14)/(-5). Let v = x - 0. Calculate the remainder when i(-9) is divided by v.
13
Let i(x) = -x**3 + 6*x**2 - 2*x + 1. Suppose -4*z - 2 = -c + 5, -10 = -4*c - 2*z. Suppose 0 = c*m + m - 20. What is the remainder when i(m) is divided by 9?
7
Calculate the remainder when 552*(-2)/(-10) + (-3)/(-5) is divided by 38.
35
Calculate the remainder when 1 - ((-4)/(-4) + -20) is divided by 11.
9
Let h be 6/9*(2 - -4). Suppose 2*k = 10, h*q + 3*k - 236 = 7. Calculate the remainder when 8*(-4)/((-48)/q) is divided by 13.
12
Suppose 0 = 4*f - 4*s - 80, -3 - 41 = -4*f - 5*s. Calculate the remainder when (-47)/(-4)*-1*-4 is divided by f.
15
Let z(i) = 10*i - 64. What is the remainder when 109 is divided by z(8)?
13
Let s(q) = q**2 + 2*q + 3. Let h = -3 + -2. What is the remainder when s(h) is divided by 10?
8
Let u = 1 - -8. Suppose 2*x - 5*x + u = 0. Calculate the remainder when 5 + 0 - (x + -5) is divided by 4.
3
Suppose 5*j + 11 = 181. Let b(p) = 56*p**2 + 1. Let x be b(1). Suppose -3*u + 18 = 3*y - 21, 4*y + 3*u = x. What is the remainder when j is divided by y?
16
Let f = -21 + 42. What is the remainder when 82 is divided by f?
19
Suppose 0*s - 4*s + 84 = 0. Let l = 2 + 0. Suppose -b + l*f = -f - s, 0 = 2*b + 2*f - 18. What is the remainder when 34 is divided by b?
10
Calculate the remainder when 12 is divided by -12*(-2 - 7/(-4)).
0
Let r(h) = h**2 + 6*h + 6. Suppose 5*i - 81 = -5*g + 9, -4*g + 3*i + 58 = 0. What is the remainder when r(5) is divided by g?
13
Let z = -27 - -31. What is the remainder when 18 is divided by z?
2
Suppose 3*d - 28 - 59 = 0. What is the remainder when d is divided by 15?
14
Suppose p = -5*k + 1 - 4, 3*p = 5*k + 71. Suppose -p = -u + 18. What is the remainder when u is divided by 9?
8
Let c = 76 + -35. What is the remainder when c is divided by 9?
5
Let g(q) = -13*q - 1. Let r be 0 - -1 - (-2 - -6). Calculate the remainder when g(r) is divided by 10.
8
Suppose -10*u + 4*u + 162 = 0. Calculate the remainder when 80 is divided by u.
26
Suppose 0*f - 5*f - 350 = 0. What is the remainder when 45 is divided by 2/6 - f/6?
9
Let d = -8 - -12. Calculate the remainder when 13 - (-3)/6*-4 is divided by d.
3
Suppose 4*d + 30 = 14*d. Let o = 12 + -6. What is the remainder when o is divided by d?
0
Calculate the remainder when 43 is divided by 1/(-8) - (-73)/8.
7
Suppose 0*f - f + 5 = 0. Let j(g) = g**2 + 5*g - 3. Let k be j(-5). Let o = k + f. What is the remainder when 3 is divided by o?
1
Let i = 1 - -4. Let k(g) = -g**2 + 8*g. Suppose 203 = 5*h + 2*h. Calculate the remainder when h is divided by k(i).
14
Suppose 0 = 3*k - 54 + 9. Suppose -7*u - k = -2*u. Let g = -1 - u. What is the remainder when 2 is divided by g?
0
Suppose -2*v + i = -373, -219 = 5*v - i - 1159. Suppose -k - 12 = -3*k. What is the remainder when v/12 - (-1)/4 is divided by k?
4
Let x(c) = -c**3 + 6*c**2 - 4*c - 3. Let u be x(5). Suppose 102 = u*z + w, -z - 152 = -4*z - w. Calculate the remainder when z is divided by -13*(-1 + 4 + -4).
11
Suppose -3*q + 595 = 2*q. Suppose -3*z + 88 = -0*m + m, -3*m = 4*z - q. What is the remainder when z is divided by ((-20)/(-6))/(6/27)?
14
Suppose 47*t + 189 = 56*t. What is the remainder when 58 is divided by t?
16
Let t = -3 - -7. Suppose 4*k = 6 + 2. Calculate the remainder when t is divided by k.
0
Suppose s - 14 - 7 = 0. What is the remainder when 83 + 3 + (-5 - 0) is divided by s?
18
Suppose 3*c + 50 = 5*y - 4*y, 4*c + 4 = 0. Let g(k) = -2*k**2 - 12*k**3 - 2*k**3 - k - 3*k**3. What is the remainder when y is divided by g(-1)?
15
Suppose 5*o - 5*r = o + 50, -83 = -5*o - 4*r. What is the remainder when 58 is divided by o?
13
Let y = 5 + 0. Calculate the remainder when 14 is divided by y.
4
Suppose -18*f = -19*f + 5. What is the remainder when f is divided by (2/(-1))/(-2) - -1?
1
Let b(w) = -w**3 - 1. Let x(r) = -2*r**3 - 4*r**2 + 4*r - 5. Let i(g) = -3*b(g) + x(g). Calculate the remainder when 2 is divided by i(3).
0
Suppose 5*x = -0*y + y + 3, -5*y - 15 = 4*x. Suppose 2*u - 11 + 1 = x. Calculate the remainder when 12 is divided by u.
2
Suppose 13*y - 10*y - 75 = 0. Suppose -2*b + 3*x + 35 = 0, -2*b - 6 = 4*x - 20. Calculate the remainder when y is divided by b.
12
Suppose 22 = 5*b + 2. Let v be 10/b*(1 - -25). Let h = v - 43. Calculate the remainder when h is divided by 8.
6
Let s = 2 + 4. Let a = -55 - -76. What is the remainder when a is divided by s?
3
Let s(h) = -h**3 + 4*h**2 - h - 1. Let r be s(3). Suppose 3*m + 5*v + 13 = 2*m, -v - r = m. What is the remainder when 40 is divided by ((-42)/9)/(1/m)?
12
What is the remainder when ((-6)/(-2))/((-3)/(-8)) is divided by 7 + (-1 + -3)/2?
3
Suppose 3*v + 0*v - 51 = 0. What is the remainder when v is divided by 9?
8
Let h be (-2)/(-4)*6*-12. Let t = h + 63. Calculate the remainder when t is divided by 14.
13
Let p(a) = -5*a - a**2 + 2 + 4 - 2. Let i be p(-3). Let y = 1 + i. What is the remainder when 31 is divided by y?
9
Let g be (-280)/49 + (-2)/7. Suppose 4*j = 8 - 0. What is the remainder when g/(-4)*(-48)/